{"id":1342,"date":"2017-11-16T14:40:54","date_gmt":"2017-11-16T13:40:54","guid":{"rendered":"http:\/\/renta-hv.net\/cms-2017\/?page_id=1342"},"modified":"2021-07-20T14:05:29","modified_gmt":"2021-07-20T12:05:29","slug":"gesundheitsimmobilien","status":"publish","type":"page","link":"https:\/\/renta-med.de\/cms-2017\/gesundheitsimmobilien\/","title":{"rendered":"Gesundheitsimmobilien"},"content":{"rendered":"<\/div><\/div><\/div><!-- close content main div --><\/div><\/div><div id='full_slider_1' class='avia-fullwidth-slider main_color avia-shadow   container_wrap sidebar_right'   ><div  data-size='extra_large'  data-lightbox_size='large'  data-animation='fade'  data-ids='1541,1586,1509'  data-video_counter='0'  data-autoplay='true'  data-bg_slider='false'  data-slide_height=''  data-handle='av_slideshow_full'  data-interval='6'  data-class=' '  data-css_id=''  data-scroll_down=''  data-control_layout='av-control-minimal'  data-custom_markup=''  data-perma_caption=''  data-autoplay_stopper=''  data-image_attachment=''  data-min_height='0px'  data-src=''  data-position='top left'  data-repeat='no-repeat'  data-attach='scroll'  data-stretch=''  data-default-height='100'  class='avia-slideshow avia-slideshow-1  av-control-minimal av-default-height-applied avia-slideshow-extra_large av_slideshow_full   avia-fade-slider '  itemscope=\"itemscope\" itemtype=\"https:\/\/schema.org\/ImageObject\" ><ul class='avia-slideshow-inner' style='padding-bottom: 25.78125%;'><li  class=' slide-1 ' ><div data-rel='slideshow-1' class='avia-slide-wrap'  ><img src='https:\/\/renta-med.de\/cms-2017\/wp-content\/uploads\/2017\/11\/renta_58a.jpg' width='768' height='198' title='renta_58a' alt=''  itemprop=\"thumbnailUrl\"   \/><\/div><\/li><li  class=' slide-2 ' ><div data-rel='slideshow-1' class='avia-slide-wrap'  ><img src='https:\/\/renta-med.de\/cms-2017\/wp-content\/uploads\/2018\/02\/faz_gzs10-1.jpg' width='768' height='198' title='faz_gzs10-1' alt=''  itemprop=\"thumbnailUrl\"   \/><\/div><\/li><li  class=' slide-3 ' ><div data-rel='slideshow-1' class='avia-slide-wrap'  ><img src='https:\/\/renta-med.de\/cms-2017\/wp-content\/uploads\/2017\/11\/wriezen_26a.jpg' width='768' height='198' title='wriezen_26a' alt=''  itemprop=\"thumbnailUrl\"   \/><\/div><\/li><\/ul><div class='avia-slideshow-arrows avia-slideshow-controls'><a href='#prev' class='prev-slide' aria-hidden='true' data-av_icon='\ue87c' data-av_iconfont='entypo-fontello'>Zur\u00fcck<\/a><a href='#next' class='next-slide' aria-hidden='true' data-av_icon='\ue87d' data-av_iconfont='entypo-fontello'>Weiter<\/a><\/div><div class='avia-slideshow-dots avia-slideshow-controls'><a href='#1' class='goto-slide active' >1<\/a><a href='#2' class='goto-slide ' >2<\/a><a href='#3' class='goto-slide ' >3<\/a><\/div><\/div><\/div>\n<\/div><\/div><\/div><!-- close content main div --><\/div><\/div><div id='av-layout-grid-1' class='av-layout-grid-container entry-content-wrapper main_color av-fixed-cells    container_wrap sidebar_right'   >\n<div class=\"flex_cell no_margin av_one_half   \" style='vertical-align:top; padding:9px 0px 0px 0px ; background-color:#9f2134; '><div class='flex_cell_inner' ><\/div><\/div><div class=\"flex_cell no_margin av_one_half   \" style='vertical-align:top; padding:9px 0px 0px 0px ; background-color:#9f2134; '><div class='flex_cell_inner' ><\/div><\/div>\n<\/div>\n<\/div><\/div><\/div><!-- close content main div --><\/div><\/div><div id='av_section_1' class='avia-section main_color avia-section-huge avia-no-border-styling avia-bg-style-scroll   container_wrap sidebar_right'   ><div class='container' ><div class='template-page content  av-content-small alpha units'><div class='post-entry post-entry-type-page post-entry-1342'><div class='entry-content-wrapper clearfix'>\n<div class='flex_column_table av-equal-height-column-flextable -flextable' style='margin-top:-200px; margin-bottom:0px; '><div class=\"flex_column av_two_third  flex_column_table_cell av-equal-height-column av-align-top first  \" style='padding:40px; background-color:#dddddd; border-radius:0; '><p><div style='padding-bottom:10px;color:#000000;font-size:25px;' class='av-special-heading av-special-heading-h2 custom-color-heading blockquote modern-quote   av-inherit-size '><h2 class='av-special-heading-tag '  itemprop=\"headline\"  >Durchdachte Zusammenarbeit<\/h2><div class='special-heading-border'><div class='special-heading-inner-border' style='border-color:#000000'><\/div><\/div><\/div><br \/>\n<div style='height:20px' class='hr hr-invisible  '><span class='hr-inner ' ><span class='hr-inner-style'><\/span><\/span><\/div><br \/>\n<section class=\"av_textblock_section \"  itemscope=\"itemscope\" itemtype=\"https:\/\/schema.org\/CreativeWork\" ><div class='avia_textblock  '   itemprop=\"text\" ><div class=\"art-postheadericons art-metadata-icons\"><\/div>\n<div class=\"art-postcontent\">\n<div class=\"art-article\">\n<p style=\"text-align: justify;\">Moderne \u00c4rzteh\u00e4user sind keine zuf\u00e4llige Ansammlung von Arztpraxen mehr. Moderne \u00c4rzteh\u00e4user sind <strong>Gesundheitszentren<\/strong>; sie\u00a0folgen einem durchdachten Konzept der Verzahnung und Zusammenarbeit aller Beteiligten. Sie bieten ihren Patienten ein geb\u00fcndeltes, fachlich abgestimmtes medizinisches Angebot und damit eine besondere Versorgungsqualit\u00e4t. Eine gute Kommunikation und der fach\u00fcbergreifende Informationsaustausch sorgen f\u00fcr ein hohes Niveau bei Diagnose, Behandlung und Prophylaxe.<\/p>\n<p style=\"text-align: justify;\">Die\u00a0Patienten sch\u00e4tzen die integrierten Leistungsangebote, die kurzen Wege, geringere Wartezeiten und enge Abstimmung ihrer \u00c4rzte und Therapeuten. Auch f\u00fcr Praxisinhaber bieten sich zahlreiche Potentiale, die sich zum einen in direkten Einspareffekten \u00e4u\u00dfern k\u00f6nnen, zum anderen die Basis f\u00fcr intelligente Servicekonzepte liefern und wertvolle Wettbewerbsvorteile bieten.<\/p>\n<p style=\"text-align: justify;\"><strong>Wichtige Elemente:<\/strong><\/p>\n<ul>\n<li style=\"text-align: justify;\">Ein <a href=\"https:\/\/renta-med.de\/cms-2017\/flaechenkonzept\/\">intelligentes Fl\u00e4chenkonzept<\/a> als Grundlage f\u00fcr die gemeinsame Infrastruktur: Funktionen b\u00fcndeln, Praxisfl\u00e4chen optimieren und Gemeinschaftsbereiche schaffen<\/li>\n<li style=\"text-align: justify;\">Die <a href=\"https:\/\/renta-med.de\/cms-2017\/gemeinsame-organisation\/\">Kooperation im Verwaltun<\/a>g<a href=\"https:\/\/renta-med.de\/cms-2017\/gemeinsame-organisation\/\">sbereich:<\/a> bietet sowohl wirtschaftliche als auch medizinische Vorteile<\/li>\n<li style=\"text-align: justify;\">Synergien: f\u00fchren zu <a href=\"https:\/\/renta-med.de\/cms-2017\/kostenvorteile\/\">Einsparpotentialen in den Praxiskosten<\/a><\/li>\n<li style=\"text-align: justify;\">Gemeinsames Management: Welche Aufgaben kann eine <a href=\"https:\/\/renta-med.de\/cms-2017\/management-2\/\">Servicegesellschaft<\/a>wahrnehmen?<\/li>\n<\/ul>\n<\/div>\n<\/div>\n<div class=\"art-postcontent\"><\/div>\n<\/div><\/section><\/p><\/div><\/div><!--close column table wrapper. Autoclose: 1 --><div class='flex_column_table av-equal-height-column-flextable -flextable' style='margin-top:-200px; margin-bottom:0px; '><div class='av-flex-placeholder'><\/div><div class=\"flex_column av_one_third  flex_column_table_cell av-equal-height-column av-align-top   \" style='padding:40px; background-color:#9f2134; border-radius:0px; '><p><div style='padding-bottom:10px;color:#ffffff;' class='av-special-heading av-special-heading-h4 custom-color-heading    '><h4 class='av-special-heading-tag '  itemprop=\"headline\"  >ZIELE <span class='special_amp'>&amp;<\/span> CHANCEN<\/h4><div class='special-heading-border'><div class='special-heading-inner-border' style='border-color:#ffffff'><\/div><\/div><\/div><br \/>\n<section class=\"av_textblock_section \"  itemscope=\"itemscope\" itemtype=\"https:\/\/schema.org\/CreativeWork\" ><div class='avia_textblock  av_inherit_color '  style='color:#ffffff; '  itemprop=\"text\" ><ul>\n<li>optimiertes Fl\u00e4chenkonzept<\/li>\n<li>gemeinsame Funktionsbereiche<\/li>\n<li>effizienter Ressourceneinsatz<\/li>\n<li>gemeinsame Verwaltungsstrukturen<\/li>\n<li>bessere Konzentration auf die Medizin<\/li>\n<li>zus\u00e4tzliche Serviceangebote<\/li>\n<li>Wettbewerbsst\u00e4rkung<\/li>\n<li>Qualit\u00e4tsvorteile<\/li>\n<li>Steigerung des Praxiswerts<\/li>\n<\/ul>\n<\/div><\/section><br \/>\n<div style='padding-bottom:10px;color:#ffffff;' class='av-special-heading av-special-heading-h4 custom-color-heading    '><h4 class='av-special-heading-tag '  itemprop=\"headline\"  >WICHTIG<\/h4><div class='special-heading-border'><div class='special-heading-inner-border' style='border-color:#ffffff'><\/div><\/div><\/div><br \/>\n<section class=\"av_textblock_section \"  itemscope=\"itemscope\" itemtype=\"https:\/\/schema.org\/CreativeWork\" ><div class='avia_textblock  av_inherit_color '  style='color:#ffffff; '  itemprop=\"text\" ><p style=\"text-align: justify;\">Die\u00a0<strong>rechtliche Selbstst\u00e4ndigkeit<\/strong> wird in einem kooperativen \u00c4rztehaus nicht aufgeben! Die niedergelassene \u00c4rzte\/innen praktizieren in einer Organisationsgemeinschaft &#8211;\u00a0in der von ihnen gew\u00e4hlten Rechtsform (z.B. Einzel- oder Gemeinschaftspraxis).<\/p>\n<\/div><\/section><\/p><\/div><\/div><!--close column table wrapper. Autoclose: 1 -->\n<\/div><\/div><\/div><!-- close content main div --><\/div><\/div><div id='after_section_1' class='main_color av_default_container_wrap container_wrap sidebar_right'   ><div class='container' ><div class='template-page content  av-content-small alpha units'><div class='post-entry post-entry-type-page post-entry-1342'><div class='entry-content-wrapper clearfix'>\n","protected":false},"excerpt":{"rendered":"","protected":false},"author":1,"featured_media":0,"parent":0,"menu_order":0,"comment_status":"closed","ping_status":"closed","template":"","meta":[],"_links":{"self":[{"href":"https:\/\/renta-med.de\/cms-2017\/wp-json\/wp\/v2\/pages\/1342"}],"collection":[{"href":"https:\/\/renta-med.de\/cms-2017\/wp-json\/wp\/v2\/pages"}],"about":[{"href":"https:\/\/renta-med.de\/cms-2017\/wp-json\/wp\/v2\/types\/page"}],"author":[{"embeddable":true,"href":"https:\/\/renta-med.de\/cms-2017\/wp-json\/wp\/v2\/users\/1"}],"replies":[{"embeddable":true,"href":"https:\/\/renta-med.de\/cms-2017\/wp-json\/wp\/v2\/comments?post=1342"}],"version-history":[{"count":9,"href":"https:\/\/renta-med.de\/cms-2017\/wp-json\/wp\/v2\/pages\/1342\/revisions"}],"predecessor-version":[{"id":1964,"href":"https:\/\/renta-med.de\/cms-2017\/wp-json\/wp\/v2\/pages\/1342\/revisions\/1964"}],"wp:attachment":[{"href":"https:\/\/renta-med.de\/cms-2017\/wp-json\/wp\/v2\/media?parent=1342"}],"curies":[{"name":"wp","href":"https:\/\/api.w.org\/{rel}","templated":true}]}}