{"id":1568,"date":"2018-02-06T14:36:06","date_gmt":"2018-02-06T13:36:06","guid":{"rendered":"https:\/\/renta-med.de\/cms-2017\/?page_id=1568"},"modified":"2021-07-20T17:16:29","modified_gmt":"2021-07-20T15:16:29","slug":"bad-freienwalde","status":"publish","type":"page","link":"https:\/\/renta-med.de\/cms-2017\/bad-freienwalde\/","title":{"rendered":"Bad Freienwalde"},"content":{"rendered":"<\/div><\/div><\/div><!-- close content main div --><\/div><\/div><div id='full_slider_1' class='avia-fullwidth-slider main_color avia-shadow   container_wrap sidebar_right'   ><div  data-size='extra_large'  data-lightbox_size='large'  data-animation='fade'  data-ids='1987,1988,1989,1990,1937'  data-video_counter='0'  data-autoplay='true'  data-bg_slider='false'  data-slide_height=''  data-handle='av_slideshow_full'  data-interval='6'  data-class=' '  data-css_id=''  data-scroll_down=''  data-control_layout='av-control-minimal'  data-custom_markup=''  data-perma_caption=''  data-autoplay_stopper=''  data-image_attachment=''  data-min_height='0px'  data-src=''  data-position='top left'  data-repeat='no-repeat'  data-attach='scroll'  data-stretch=''  data-default-height='100'  class='avia-slideshow avia-slideshow-1  av-control-minimal av-default-height-applied avia-slideshow-extra_large av_slideshow_full   avia-fade-slider '  itemscope=\"itemscope\" itemtype=\"https:\/\/schema.org\/ImageObject\" ><ul class='avia-slideshow-inner' style='padding-bottom: 25.9493670886%;'><li  class=' slide-1 ' ><div data-rel='slideshow-1' class='avia-slide-wrap'  ><img src='https:\/\/renta-med.de\/cms-2017\/wp-content\/uploads\/2021\/07\/20210720-Slider-SPA_aussen.jpg' width='790' height='205' title='20210720 Slider SPA_aussen' alt=''  itemprop=\"thumbnailUrl\"   \/><\/div><\/li><li  class=' slide-2 ' ><div data-rel='slideshow-1' class='avia-slide-wrap'  ><img src='https:\/\/renta-med.de\/cms-2017\/wp-content\/uploads\/2021\/07\/20210720-Slider-SPA_n.jpg' width='790' height='205' title='20210720 Slider SPA_n' alt=''  itemprop=\"thumbnailUrl\"   \/><\/div><\/li><li  class=' slide-3 ' ><div data-rel='slideshow-1' class='avia-slide-wrap'  ><img src='https:\/\/renta-med.de\/cms-2017\/wp-content\/uploads\/2021\/07\/20210720-Slider-SPA-gem.jpg' width='790' height='205' title='20210720 Slider SPA gem' alt=''  itemprop=\"thumbnailUrl\"   \/><\/div><\/li><li  class=' slide-4 ' ><div data-rel='slideshow-1' class='avia-slide-wrap'  ><img src='https:\/\/renta-med.de\/cms-2017\/wp-content\/uploads\/2021\/07\/20210720-Slider-SPA-gem2.jpg' width='790' height='205' title='20210720 Slider SPA gem2' alt=''  itemprop=\"thumbnailUrl\"   \/><\/div><\/li><li  class=' slide-5 ' ><div data-rel='slideshow-1' class='avia-slide-wrap'  ><img src='https:\/\/renta-med.de\/cms-2017\/wp-content\/uploads\/2021\/07\/20210720-Slider-SPA-Nacht.jpg' width='790' height='205' title='20210720 Slider SPA Nacht' alt=''  itemprop=\"thumbnailUrl\"   \/><\/div><\/li><\/ul><div class='avia-slideshow-arrows avia-slideshow-controls'><a href='#prev' class='prev-slide' aria-hidden='true' data-av_icon='\ue87c' data-av_iconfont='entypo-fontello'>Zur\u00fcck<\/a><a href='#next' class='next-slide' aria-hidden='true' data-av_icon='\ue87d' data-av_iconfont='entypo-fontello'>Weiter<\/a><\/div><div class='avia-slideshow-dots avia-slideshow-controls'><a href='#1' class='goto-slide active' >1<\/a><a href='#2' class='goto-slide ' >2<\/a><a href='#3' class='goto-slide ' >3<\/a><a href='#4' class='goto-slide ' >4<\/a><a href='#5' class='goto-slide ' >5<\/a><\/div><\/div><\/div>\n<\/div><\/div><\/div><!-- close content main div --><\/div><\/div><div id='av-layout-grid-1' class='av-layout-grid-container entry-content-wrapper main_color av-fixed-cells    container_wrap sidebar_right'   >\n<div class=\"flex_cell no_margin av_one_half   \" style='vertical-align:top; padding:9px 0px 0px 0px ; background-color:#9f2134; '><div class='flex_cell_inner' ><\/div><\/div><div class=\"flex_cell no_margin av_one_half   \" style='vertical-align:top; padding:9px 0px 0px 0px ; background-color:#9f2134; '><div class='flex_cell_inner' ><\/div><\/div>\n<\/div>\n<\/div><\/div><\/div><!-- close content main div --><\/div><\/div><div id='av_section_1' class='avia-section main_color avia-section-huge avia-no-border-styling avia-bg-style-scroll   container_wrap sidebar_right'   ><div class='container' ><div class='template-page content  av-content-small alpha units'><div class='post-entry post-entry-type-page post-entry-1568'><div class='entry-content-wrapper clearfix'>\n<div class='flex_column_table av-equal-height-column-flextable -flextable' style='margin-top:-200px; margin-bottom:0px; '><div class=\"flex_column av_two_third  flex_column_table_cell av-equal-height-column av-align-top first  \" style='padding:40px; background-color:#dddddd; border-radius:0; '><p><div style='padding-bottom:10px;color:#000000;font-size:25px;' class='av-special-heading av-special-heading-h2 custom-color-heading blockquote modern-quote   av-inherit-size '><h2 class='av-special-heading-tag '  itemprop=\"headline\"  >Schlossparkambulanz in Bad Freienwalde<\/h2><div class='special-heading-border'><div class='special-heading-inner-border' style='border-color:#000000'><\/div><\/div><\/div><br \/>\n<div style='height:20px' class='hr hr-invisible  '><span class='hr-inner ' ><span class='hr-inner-style'><\/span><\/span><\/div><br \/>\n<section class=\"av_textblock_section \"  itemscope=\"itemscope\" itemtype=\"https:\/\/schema.org\/CreativeWork\" ><div class='avia_textblock  '   itemprop=\"text\" ><div class=\"art-postheadericons art-metadata-icons\" style=\"text-align: justify;\"><\/div>\n<div class=\"art-postcontent\">\n<div class=\"art-article\">\n<p style=\"text-align: justify;\"><em>&#8211; Fach- und haus\u00e4rztliche Regionalversorgung &#8211;<\/em><\/p>\n<p>Das \u00c4rztehaus in der historischen Kurstadt &#8211; dem \u00e4ltesten Moorheilbad des Landes Brandenburg &#8211; ist seit \u00fcber 30 Jahren erster Anlaufpunkt f\u00fcr Patienten, die ambulante Hilfe ben\u00f6tigen. Die einzigartige Konzentration an Diagnose- und Behandlungsm\u00f6glichkeiten macht die Schlosspark\u00adambulanz zu einem wesentlichen St\u00fctzpfeiler der ambulanten Versorgung in M\u00e4rkisch-Oderland.<\/p>\n<p>Nach dem Erwerb 1996 wurde eine erste Sanierung des Geb\u00e4udes behutsam vorgenommen. Jedoch waren weitere Investitionen erforderlich. Die Gesundheitskonferenz des Landes M\u00e4rkisch Oderland hat die Schlossparkambulanz als ein zentrales Element der Daseinsvorsorge aufgenommen. Das Krankenhaus hat umfangreiche Aufgaben in der ambulanten Versorgung in der Schlossparkambulanz \u00fcbernommen und so den Standort gest\u00e4rkt.<\/p>\n<p>In den Jahren von 2016 bis 2019 folgte eine Grundsanierung und Modernisierung bei laufendem Betrieb des Hauses. Durch die tiefgreifenden Bauma\u00dfnahmen kann die zur Verf\u00fcgung stehende Fl\u00e4che des \u00c4rztehauses heute effektiver genutzt werden. Neue Arztpraxen wurden eingerichtet, bestehende Praxen erweitert sowie neue Fachbereiche mit ambulanten Versorgungsm\u00f6glichkeiten gewonnen. Heute ist unser \u00c4rztehaus ein voll vermietetes, modernes, funktionales, gesundheitliches Kompetenzzentrum der Region Bad Freienwalde und <strong>Firmensitz der RENTAmed Verwaltungsgesellschaft mbH<\/strong>.<\/p>\n<\/div>\n<div class=\"art-article\"><\/div>\n<div class=\"art-article\">\n<p style=\"text-align: justify;\">Eckdaten:<\/p>\n<ul style=\"text-align: justify;\">\n<li>1979 als Poliklinik erbaut<\/li>\n<li>1996 \u00dcbernahme durch die RENTAmed<\/li>\n<li>Grundst\u00fcck: ca. 5.659 qm<\/li>\n<li>Mietfl\u00e4che: ca. 2.550 qm verteilt auf 4 Etagen<\/li>\n<li>barrierefreier Zugang vom Pkw-Stellplatz bis zur Praxis<\/li>\n<li>14 Praxen mit insgesamt 11 Fachrichtungen<\/li>\n<li>4 medizinische Gewerbeeinheiten<\/li>\n<li>2 Verwaltungsb\u00fcros und ein Bistro<\/li>\n<\/ul>\n<\/div>\n<\/div>\n<\/div><\/section><\/p><\/div><\/div><!--close column table wrapper. Autoclose: 1 --><div class='flex_column_table av-equal-height-column-flextable -flextable' style='margin-top:-200px; margin-bottom:0px; '><div class='av-flex-placeholder'><\/div><div class=\"flex_column av_one_third  flex_column_table_cell av-equal-height-column av-align-top   \" style='padding:40px; background-color:#9f2134; border-radius:0px; '><p><div style='padding-bottom:10px;color:#ffffff;' class='av-special-heading av-special-heading-h4 custom-color-heading    '><h4 class='av-special-heading-tag '  itemprop=\"headline\"  >LAGEPLAN<\/h4><div class='special-heading-border'><div class='special-heading-inner-border' style='border-color:#ffffff'><\/div><\/div><\/div><br \/>\n<section class=\"avia_codeblock_section  avia_code_block_0\"  itemscope=\"itemscope\" itemtype=\"https:\/\/schema.org\/CreativeWork\" ><div class='avia_codeblock '  itemprop=\"text\" > [avia_codeblock_placeholder uid=\"0\"] <\/div><\/section><br \/>\n<div style='padding-bottom:10px;color:#ffffff;' class='av-special-heading av-special-heading-h4 custom-color-heading    '><h4 class='av-special-heading-tag '  itemprop=\"headline\"  >MIETINTERESSENTEN<\/h4><div class='special-heading-border'><div class='special-heading-inner-border' style='border-color:#ffffff'><\/div><\/div><\/div><br \/>\n<section class=\"av_textblock_section \"  itemscope=\"itemscope\" itemtype=\"https:\/\/schema.org\/CreativeWork\" ><div class='avia_textblock  av_inherit_color '  style='color:#ffffff; '  itemprop=\"text\" ><p><strong>Interesse an einer Praxis- oder Gewerbefl\u00e4che?<\/strong> Dann rufen Sie unter der Telefonnummer +49 3344 33599 &#8211; 33 an! Wir freuen uns auf Sie.<\/p>\n<\/div><\/section><br \/>\n<div style='padding-bottom:10px;color:#ffffff;' class='av-special-heading av-special-heading-h4 custom-color-heading    '><h4 class='av-special-heading-tag '  itemprop=\"headline\"  >HAUSVERWALTUNG<\/h4><div class='special-heading-border'><div class='special-heading-inner-border' style='border-color:#ffffff'><\/div><\/div><\/div><br \/>\n<section class=\"av_textblock_section \"  itemscope=\"itemscope\" itemtype=\"https:\/\/schema.org\/CreativeWork\" ><div class='avia_textblock  av_inherit_color '  style='color:#ffffff; '  itemprop=\"text\" ><p>F\u00fcr alle Fragen rund um das \u00c4rztehaus sowie f\u00fcr Mietinteressenten steht Ihnen unsere Hausverwaltung gern zur Verf\u00fcgung:<\/p>\n<p><strong>RENTA Hausverwaltung<\/strong><\/p>\n<p>Berliner Stra\u00dfe 1<br \/>\n16259 Bad Freienwalde<\/p>\n<p>Tel.: +49 3344 33599 &#8211; 00<br \/>\nFax: +49 3344 33599 &#8211; 49<\/p>\n<\/div><\/section><\/p><\/div><\/div><!--close column table wrapper. Autoclose: 1 -->\n<\/div><\/div><\/div><!-- close content main div --><\/div><\/div><div id='after_section_1' class='main_color av_default_container_wrap container_wrap sidebar_right'   ><div class='container' ><div class='template-page content  av-content-small alpha units'><div class='post-entry post-entry-type-page post-entry-1568'><div class='entry-content-wrapper clearfix'>\n","protected":false},"excerpt":{"rendered":"","protected":false},"author":1,"featured_media":0,"parent":0,"menu_order":0,"comment_status":"closed","ping_status":"closed","template":"","meta":[],"_links":{"self":[{"href":"https:\/\/renta-med.de\/cms-2017\/wp-json\/wp\/v2\/pages\/1568"}],"collection":[{"href":"https:\/\/renta-med.de\/cms-2017\/wp-json\/wp\/v2\/pages"}],"about":[{"href":"https:\/\/renta-med.de\/cms-2017\/wp-json\/wp\/v2\/types\/page"}],"author":[{"embeddable":true,"href":"https:\/\/renta-med.de\/cms-2017\/wp-json\/wp\/v2\/users\/1"}],"replies":[{"embeddable":true,"href":"https:\/\/renta-med.de\/cms-2017\/wp-json\/wp\/v2\/comments?post=1568"}],"version-history":[{"count":10,"href":"https:\/\/renta-med.de\/cms-2017\/wp-json\/wp\/v2\/pages\/1568\/revisions"}],"predecessor-version":[{"id":1992,"href":"https:\/\/renta-med.de\/cms-2017\/wp-json\/wp\/v2\/pages\/1568\/revisions\/1992"}],"wp:attachment":[{"href":"https:\/\/renta-med.de\/cms-2017\/wp-json\/wp\/v2\/media?parent=1568"}],"curies":[{"name":"wp","href":"https:\/\/api.w.org\/{rel}","templated":true}]}}

</div></div></div><!-- close content main div --></div></div><div id='full_slider_1' class='avia-fullwidth-slider main_color avia-shadow   container_wrap sidebar_right'   ><div  data-size='extra_large'  data-lightbox_size='large'  data-animation='fade'  data-ids='1987,1988,1989,1990,1937'  data-video_counter='0'  data-autoplay='true'  data-bg_slider='false'  data-slide_height=''  data-handle='av_slideshow_full'  data-interval='6'  data-class=' '  data-css_id=''  data-scroll_down=''  data-control_layout='av-control-minimal'  data-custom_markup=''  data-perma_caption=''  data-autoplay_stopper=''  data-image_attachment=''  data-min_height='0px'  data-src=''  data-position='top left'  data-repeat='no-repeat'  data-attach='scroll'  data-stretch=''  data-default-height='100'  class='avia-slideshow avia-slideshow-1  av-control-minimal av-default-height-applied avia-slideshow-extra_large av_slideshow_full   avia-fade-slider '  itemscope="itemscope" itemtype="https://schema.org/ImageObject" ><ul class='avia-slideshow-inner' style='padding-bottom: 25.9493670886%;'><li  class=' slide-1 ' ><div data-rel='slideshow-1' class='avia-slide-wrap'  ><img src='https://renta-med.de/cms-2017/wp-content/uploads/2021/07/20210720-Slider-SPA_aussen.jpg' width='790' height='205' title='20210720 Slider SPA_aussen' alt=''  itemprop="thumbnailUrl"   /></div></li><li  class=' slide-2 ' ><div data-rel='slideshow-1' class='avia-slide-wrap'  ><img src='https://renta-med.de/cms-2017/wp-content/uploads/2021/07/20210720-Slider-SPA_n.jpg' width='790' height='205' title='20210720 Slider SPA_n' alt=''  itemprop="thumbnailUrl"   /></div></li><li  class=' slide-3 ' ><div data-rel='slideshow-1' class='avia-slide-wrap'  ><img src='https://renta-med.de/cms-2017/wp-content/uploads/2021/07/20210720-Slider-SPA-gem.jpg' width='790' height='205' title='20210720 Slider SPA gem' alt=''  itemprop="thumbnailUrl"   /></div></li><li  class=' slide-4 ' ><div data-rel='slideshow-1' class='avia-slide-wrap'  ><img src='https://renta-med.de/cms-2017/wp-content/uploads/2021/07/20210720-Slider-SPA-gem2.jpg' width='790' height='205' title='20210720 Slider SPA gem2' alt=''  itemprop="thumbnailUrl"   /></div></li><li  class=' slide-5 ' ><div data-rel='slideshow-1' class='avia-slide-wrap'  ><img src='https://renta-med.de/cms-2017/wp-content/uploads/2021/07/20210720-Slider-SPA-Nacht.jpg' width='790' height='205' title='20210720 Slider SPA Nacht' alt=''  itemprop="thumbnailUrl"   /></div></li></ul><div class='avia-slideshow-arrows avia-slideshow-controls'><a href='#prev' class='prev-slide' aria-hidden='true' data-av_icon='' data-av_iconfont='entypo-fontello'>Zurück</a><a href='#next' class='next-slide' aria-hidden='true' data-av_icon='' data-av_iconfont='entypo-fontello'>Weiter</a></div><div class='avia-slideshow-dots avia-slideshow-controls'><a href='#1' class='goto-slide active' >1</a><a href='#2' class='goto-slide ' >2</a><a href='#3' class='goto-slide ' >3</a><a href='#4' class='goto-slide ' >4</a><a href='#5' class='goto-slide ' >5</a></div></div></div>
</div></div></div><!-- close content main div --></div></div><div id='av-layout-grid-1' class='av-layout-grid-container entry-content-wrapper main_color av-fixed-cells    container_wrap sidebar_right'   >
<div class="flex_cell no_margin av_one_half   " style='vertical-align:top; padding:9px 0px 0px 0px ; background-color:#9f2134; '><div class='flex_cell_inner' ></div></div><div class="flex_cell no_margin av_one_half   " style='vertical-align:top; padding:9px 0px 0px 0px ; background-color:#9f2134; '><div class='flex_cell_inner' ></div></div>
</div>
</div></div></div><!-- close content main div --></div></div><div id='av_section_1' class='avia-section main_color avia-section-huge avia-no-border-styling avia-bg-style-scroll   container_wrap sidebar_right'   ><div class='container' ><div class='template-page content  av-content-small alpha units'><div class='post-entry post-entry-type-page post-entry-1568'><div class='entry-content-wrapper clearfix'>
<div class='flex_column_table av-equal-height-column-flextable -flextable' style='margin-top:-200px; margin-bottom:0px; '><div class="flex_column av_two_third  flex_column_table_cell av-equal-height-column av-align-top first  " style='padding:40px; background-color:#dddddd; border-radius:0; '><p><div style='padding-bottom:10px;color:#000000;font-size:25px;' class='av-special-heading av-special-heading-h2 custom-color-heading blockquote modern-quote   av-inherit-size '><h2 class='av-special-heading-tag '  itemprop="headline"  >Schlossparkambulanz in Bad Freienwalde</h2><div class='special-heading-border'><div class='special-heading-inner-border' style='border-color:#000000'></div></div></div><br />
<div style='height:20px' class='hr hr-invisible  '><span class='hr-inner ' ><span class='hr-inner-style'></span></span></div><br />
<section class="av_textblock_section "  itemscope="itemscope" itemtype="https://schema.org/CreativeWork" ><div class='avia_textblock  '   itemprop="text" ><div class="art-postheadericons art-metadata-icons" style="text-align: justify;"></div>
<div class="art-postcontent">
<div class="art-article">
<p style="text-align: justify;"><em>&#8211; Fach- und hausärztliche Regionalversorgung &#8211;</em></p>
<p>Das Ärztehaus in der historischen Kurstadt &#8211; dem ältesten Moorheilbad des Landes Brandenburg &#8211; ist seit über 30 Jahren erster Anlaufpunkt für Patienten, die ambulante Hilfe benötigen. Die einzigartige Konzentration an Diagnose- und Behandlungsmöglichkeiten macht die Schlosspark­ambulanz zu einem wesentlichen Stützpfeiler der ambulanten Versorgung in Märkisch-Oderland.</p>
<p>Nach dem Erwerb 1996 wurde eine erste Sanierung des Gebäudes behutsam vorgenommen. Jedoch waren weitere Investitionen erforderlich. Die Gesundheitskonferenz des Landes Märkisch Oderland hat die Schlossparkambulanz als ein zentrales Element der Daseinsvorsorge aufgenommen. Das Krankenhaus hat umfangreiche Aufgaben in der ambulanten Versorgung in der Schlossparkambulanz übernommen und so den Standort gestärkt.</p>
<p>In den Jahren von 2016 bis 2019 folgte eine Grundsanierung und Modernisierung bei laufendem Betrieb des Hauses. Durch die tiefgreifenden Baumaßnahmen kann die zur Verfügung stehende Fläche des Ärztehauses heute effektiver genutzt werden. Neue Arztpraxen wurden eingerichtet, bestehende Praxen erweitert sowie neue Fachbereiche mit ambulanten Versorgungsmöglichkeiten gewonnen. Heute ist unser Ärztehaus ein voll vermietetes, modernes, funktionales, gesundheitliches Kompetenzzentrum der Region Bad Freienwalde und <strong>Firmensitz der RENTAmed Verwaltungsgesellschaft mbH</strong>.</p>
</div>
<div class="art-article"></div>
<div class="art-article">
<p style="text-align: justify;">Eckdaten:</p>
<ul style="text-align: justify;">
<li>1979 als Poliklinik erbaut</li>
<li>1996 Übernahme durch die RENTAmed</li>
<li>Grundstück: ca. 5.659 qm</li>
<li>Mietfläche: ca. 2.550 qm verteilt auf 4 Etagen</li>
<li>barrierefreier Zugang vom Pkw-Stellplatz bis zur Praxis</li>
<li>14 Praxen mit insgesamt 11 Fachrichtungen</li>
<li>4 medizinische Gewerbeeinheiten</li>
<li>2 Verwaltungsbüros und ein Bistro</li>
</ul>
</div>
</div>
</div></section></p></div></div><!--close column table wrapper. Autoclose: 1 --><div class='flex_column_table av-equal-height-column-flextable -flextable' style='margin-top:-200px; margin-bottom:0px; '><div class='av-flex-placeholder'></div><div class="flex_column av_one_third  flex_column_table_cell av-equal-height-column av-align-top   " style='padding:40px; background-color:#9f2134; border-radius:0px; '><p><div style='padding-bottom:10px;color:#ffffff;' class='av-special-heading av-special-heading-h4 custom-color-heading    '><h4 class='av-special-heading-tag '  itemprop="headline"  >LAGEPLAN</h4><div class='special-heading-border'><div class='special-heading-inner-border' style='border-color:#ffffff'></div></div></div><br />
<section class="avia_codeblock_section  avia_code_block_0"  itemscope="itemscope" itemtype="https://schema.org/CreativeWork" ><div class='avia_codeblock '  itemprop="text" > [avia_codeblock_placeholder uid="0"] </div></section><br />
<div style='padding-bottom:10px;color:#ffffff;' class='av-special-heading av-special-heading-h4 custom-color-heading    '><h4 class='av-special-heading-tag '  itemprop="headline"  >MIETINTERESSENTEN</h4><div class='special-heading-border'><div class='special-heading-inner-border' style='border-color:#ffffff'></div></div></div><br />
<section class="av_textblock_section "  itemscope="itemscope" itemtype="https://schema.org/CreativeWork" ><div class='avia_textblock  av_inherit_color '  style='color:#ffffff; '  itemprop="text" ><p><strong>Interesse an einer Praxis- oder Gewerbefläche?</strong> Dann rufen Sie unter der Telefonnummer +49 3344 33599 &#8211; 33 an! Wir freuen uns auf Sie.</p>
</div></section><br />
<div style='padding-bottom:10px;color:#ffffff;' class='av-special-heading av-special-heading-h4 custom-color-heading    '><h4 class='av-special-heading-tag '  itemprop="headline"  >HAUSVERWALTUNG</h4><div class='special-heading-border'><div class='special-heading-inner-border' style='border-color:#ffffff'></div></div></div><br />
<section class="av_textblock_section "  itemscope="itemscope" itemtype="https://schema.org/CreativeWork" ><div class='avia_textblock  av_inherit_color '  style='color:#ffffff; '  itemprop="text" ><p>Für alle Fragen rund um das Ärztehaus sowie für Mietinteressenten steht Ihnen unsere Hausverwaltung gern zur Verfügung:</p>
<p><strong>RENTA Hausverwaltung</strong></p>
<p>Berliner Straße 1<br />
16259 Bad Freienwalde</p>
<p>Tel.: +49 3344 33599 &#8211; 00<br />
Fax: +49 3344 33599 &#8211; 49</p>
</div></section></p></div></div><!--close column table wrapper. Autoclose: 1 -->
</div></div></div><!-- close content main div --></div></div><div id='after_section_1' class='main_color av_default_container_wrap container_wrap sidebar_right'   ><div class='container' ><div class='template-page content  av-content-small alpha units'><div class='post-entry post-entry-type-page post-entry-1568'><div class='entry-content-wrapper clearfix'>
