{"id":2053,"date":"2023-06-01T17:09:16","date_gmt":"2023-06-01T15:09:16","guid":{"rendered":"https:\/\/renta-med.de\/cms-2017\/?page_id=2053"},"modified":"2023-07-05T11:27:27","modified_gmt":"2023-07-05T09:27:27","slug":"schwerin-friedensstrasse","status":"publish","type":"page","link":"https:\/\/renta-med.de\/cms-2017\/schwerin-friedensstrasse\/","title":{"rendered":"Schwerin, Friedensstra\u00dfe"},"content":{"rendered":"<\/div><\/div><\/div><!-- close content main div --><\/div><\/div><div id='full_slider_1' class='avia-fullwidth-slider main_color avia-shadow   container_wrap sidebar_right'   ><div  data-size='featured_large'  data-lightbox_size='large'  data-animation='fade'  data-ids='2104,2103,2091'  data-video_counter='0'  data-autoplay='true'  data-bg_slider='false'  data-slide_height=''  data-handle='av_slideshow_full'  data-interval='6'  data-class=' '  data-css_id=''  data-scroll_down=''  data-control_layout='av-control-minimal'  data-custom_markup=''  data-perma_caption=''  data-autoplay_stopper=''  data-image_attachment=''  data-min_height='0px'  data-src=''  data-position='top left'  data-repeat='no-repeat'  data-attach='scroll'  data-stretch=''  data-default-height='42'  class='avia-slideshow avia-slideshow-1  av-control-minimal av-default-height-applied avia-slideshow-featured_large av_slideshow_full   avia-fade-slider '  itemscope=\"itemscope\" itemtype=\"https:\/\/schema.org\/ImageObject\" ><ul class='avia-slideshow-inner' style='padding-bottom: 28.6764705882%;'><li  class=' slide-1 ' ><div data-rel='slideshow-1' class='avia-slide-wrap' title='Wohnimmobilie RENTA, Friedensstrasse, Hausansicht' ><img src='https:\/\/renta-med.de\/cms-2017\/wp-content\/uploads\/2023\/07\/Friedensstrasse_-Hausansicht_1500x430.jpg' width='1496' height='429' title='Friedensstrasse_ Hausansicht_1500x430' alt='Wohnimmobilie RENTA, Friedensstrasse, Hausansicht'  itemprop=\"thumbnailUrl\"   \/><\/div><\/li><li  class=' slide-2 ' ><div data-rel='slideshow-1' class='avia-slide-wrap' title='Wohnimmobilie RENTA, Friedensstrasse, Balkonaussicht' ><img src='https:\/\/renta-med.de\/cms-2017\/wp-content\/uploads\/2023\/07\/Friedensstrasse_-Balkonaussicht_1500x430.jpg' width='1496' height='429' title='Friedensstrasse_ Balkonaussicht_1500x430' alt='Wohnimmobilie RENTA, Friedensstrasse, Balkonaussicht'  itemprop=\"thumbnailUrl\"   \/><\/div><\/li><li  class=' slide-3 ' ><div data-rel='slideshow-1' class='avia-slide-wrap' title='Friedenstrasse, Wohnimmobilie' ><img src='https:\/\/renta-med.de\/cms-2017\/wp-content\/uploads\/2023\/07\/Friedensstrasse-Hausansicht-640x165-1.jpeg' width='639' height='165' title='Friedensstrasse Hausansicht 640x165' alt='Friedenstrasse, Wohnimmobilie'  itemprop=\"thumbnailUrl\"   \/><\/div><\/li><\/ul><div class='avia-slideshow-arrows avia-slideshow-controls'><a href='#prev' class='prev-slide' aria-hidden='true' data-av_icon='\ue87c' data-av_iconfont='entypo-fontello'>Zur\u00fcck<\/a><a href='#next' class='next-slide' aria-hidden='true' data-av_icon='\ue87d' data-av_iconfont='entypo-fontello'>Weiter<\/a><\/div><div class='avia-slideshow-dots avia-slideshow-controls'><a href='#1' class='goto-slide active' >1<\/a><a href='#2' class='goto-slide ' >2<\/a><a href='#3' class='goto-slide ' >3<\/a><\/div><\/div><\/div>\n<\/div><\/div><\/div><!-- close content main div --><\/div><\/div><div id='av-layout-grid-1' class='av-layout-grid-container entry-content-wrapper main_color av-fixed-cells    container_wrap sidebar_right'   >\n<div class=\"flex_cell no_margin av_one_half   \" style='vertical-align:top; padding:9px 0px 0px 0px ; background-color:#9f2134; '><div class='flex_cell_inner' ><\/div><\/div><div class=\"flex_cell no_margin av_one_half   \" style='vertical-align:top; padding:9px 0px 0px 0px ; background-color:#9f2134; '><div class='flex_cell_inner' ><\/div><\/div>\n<\/div>\n<\/div><\/div><\/div><!-- close content main div --><\/div><\/div><div id='av_section_1' class='avia-section main_color avia-section-huge avia-no-border-styling avia-bg-style-scroll   container_wrap sidebar_right'   ><div class='container' ><div class='template-page content  av-content-small alpha units'><div class='post-entry post-entry-type-page post-entry-2053'><div class='entry-content-wrapper clearfix'>\n<div class='flex_column_table av-equal-height-column-flextable -flextable' style='margin-top:-200px; margin-bottom:0px; '><div class=\"flex_column av_two_third  flex_column_table_cell av-equal-height-column av-align-top first  \" style='padding:40px; background-color:#dddddd; border-radius:0; '><p><div style='padding-bottom:10px;color:#000000;font-size:25px;' class='av-special-heading av-special-heading-h2 custom-color-heading blockquote modern-quote  av-inherit-size '><h2 class='av-special-heading-tag '  itemprop=\"headline\"  >Neubau eines Mehrfamilienhauses in der Friedensstra\u00dfe, Schwerin<\/h2><div class='special-heading-border'><div class='special-heading-inner-border' style='border-color:#000000'><\/div><\/div><\/div><br \/>\n<div style='height:20px' class='hr hr-invisible  '><span class='hr-inner ' ><span class='hr-inner-style'><\/span><\/span><\/div><br \/>\n<section class=\"av_textblock_section \"  itemscope=\"itemscope\" itemtype=\"https:\/\/schema.org\/CreativeWork\" ><div class='avia_textblock  '   itemprop=\"text\" ><div class=\"art-postheadericons art-metadata-icons\" style=\"text-align: justify;\"><\/div>\n<div class=\"art-postcontent\">\n<div class=\"art-article\">\n<div class=\"art-postheadericons art-metadata-icons\">Das moderne Geb\u00e4ude liegt mit im lebendigen Stadtteil Paulstadt, westlich der Schweriner Altstadt.<br \/>\nDas Wohnhaus wird allen Anspr\u00fcchen f\u00fcr modernes Wohnen f\u00fcr Jung und Alt gerecht. Die Wohnungen sind barrierefrei und durch einen Personenaufzug gut erreichbar.<\/div>\n<div class=\"art-postcontent\">\n<div class=\"art-article\">\n<p>Das Geb\u00e4ude verf\u00fcgt \u00fcber ausreichend Mieterkeller und einen Fahrradabstellraum. Dar\u00fcber hinaus sind zahlreiche Fahrradabstellfl\u00e4chen in der Au\u00dfenanlage vorgesehen. Alle Wohnungen sind sehr hell, verf\u00fcgen \u00fcber einen Balkon, ein innenliegendes Bad und eine Einbauk\u00fcche.<\/p>\n<p><strong>Ausstattung<\/strong><br \/>\nDie Vermietung erfolgt nach Baufertigstellung ab April 2023. Die Fenster- und Fenstert\u00fcren sind aus Kunststoff wei\u00df (innen) und anthrazit (au\u00dfen) mit einer dreifach W\u00e4rmeschutzisolierverglasung. Die Fl\u00fcgel k\u00f6nnen ge\u00f6ffnet werden (Dreh-\/Kipp). Die Wohnr\u00e4ume erhalten einen hochwertigen Vinyl Bodenbelag in Eiche. Die W\u00e4nde wurden wei\u00df gemalert und mit Raufaser tapeziert. Die K\u00fcchenbereiche werden mit hochwertigen Einbauk\u00fcchen inkl. Elektroger\u00e4ten ausgestattet.<\/p>\n<p><strong>Lage<\/strong><br \/>\nDas Wohnhaus befindet sich in belebter Wohnlage in Schwerin Paulsstadt.<br \/>\nZu Fu\u00df erreichen Sie mehrere Restaurants, B\u00e4ckereien, \u00c4rzte, Caf\u00e9s und Einkaufszentren. Mehrere Modegesch\u00e4fte, Fitnessstudios, Gr\u00fcn- und Parkanlagen, Bars und Buchhandlungen finden Sie ebenfalls vor Ort. Der Schweriner Hauptbahnhof und der Pfaffenteich sind lediglich 2 Autominuten entfernt und dar\u00fcber hinaus fu\u00dfl\u00e4ufig gut erreichbar.<\/p>\n<p><strong>Eckdaten<\/strong><\/p>\n<ul>\n<li>2-Raumwohnungen 63 m\u00b2 bis 69 m\u00b2<\/li>\n<li>3-Raumwohnung 80 m\u00b2 bis 91 m\u00b2<\/li>\n<li>Keller: ja<\/li>\n<li>Objektzustand: Erstbezug<\/li>\n<li>Baujahr: 2022<\/li>\n<li>Wesentlicher Energietr\u00e4ger: Gas<\/li>\n<\/ul>\n<\/div>\n<\/div>\n<p style=\"text-align: justify;\">\n<\/div>\n<\/div>\n<\/div><\/section><\/p><\/div><\/div><!--close column table wrapper. Autoclose: 1 --><div class='flex_column_table av-equal-height-column-flextable -flextable' style='margin-top:-200px; margin-bottom:0px; '><div class='av-flex-placeholder'><\/div><div class=\"flex_column av_one_third  flex_column_table_cell av-equal-height-column av-align-top   \" style='padding:40px; background-color:#9f2134; border-radius:0px; '><p><div style='padding-bottom:10px;color:#ffffff;' class='av-special-heading av-special-heading-h4 custom-color-heading    '><h4 class='av-special-heading-tag '  itemprop=\"headline\"  >LAGEPLAN<\/h4><div class='special-heading-border'><div class='special-heading-inner-border' style='border-color:#ffffff'><\/div><\/div><\/div><br \/>\n<section class=\"avia_codeblock_section  avia_code_block_0\"  itemscope=\"itemscope\" itemtype=\"https:\/\/schema.org\/CreativeWork\" ><div class='avia_codeblock '  itemprop=\"text\" > [avia_codeblock_placeholder uid=\"0\"] <\/div><\/section><br \/>\n<div style='padding-bottom:10px;color:#ffffff;' class='av-special-heading av-special-heading-h4 custom-color-heading    '><h4 class='av-special-heading-tag '  itemprop=\"headline\"  >WOHUNGSBESICHTIGUNGEN STARTEN<\/h4><div class='special-heading-border'><div class='special-heading-inner-border' style='border-color:#ffffff'><\/div><\/div><\/div><br \/>\n<section class=\"av_textblock_section \"  itemscope=\"itemscope\" itemtype=\"https:\/\/schema.org\/CreativeWork\" ><div class='avia_textblock  av_inherit_color '  style='color:#ffffff; '  itemprop=\"text\" ><p>Seit Januar 2023 finden Besichtigungen der 2- und 3- Raum Wohnungen statt.<\/p>\n<p>Bei Interesse <a href=\"https:\/\/www.immobilienscout24.de\/neubau\/rentamed-verwaltungsges-mbh\/friedensstrasse-schwerin\/113980.html\" target=\"_blank\" rel=\"noopener\">finden Sie hier die Kontaktdaten (Link)<\/a><\/p>\n<\/div><\/section><br \/>\n<br \/>\n<section class=\"av_textblock_section \"  itemscope=\"itemscope\" itemtype=\"https:\/\/schema.org\/CreativeWork\" ><div class='avia_textblock  av_inherit_color '  style='color:#ffffff; '  itemprop=\"text\" ><\/div><\/section><\/p><\/div><\/div><!--close column table wrapper. Autoclose: 1 -->\n<\/div><\/div><\/div><!-- close content main div --><\/div><\/div><div id='after_section_1' class='main_color av_default_container_wrap container_wrap sidebar_right'   ><div class='container' ><div class='template-page content  av-content-small alpha units'><div class='post-entry post-entry-type-page post-entry-2053'><div class='entry-content-wrapper clearfix'>\n","protected":false},"excerpt":{"rendered":"","protected":false},"author":1,"featured_media":0,"parent":0,"menu_order":0,"comment_status":"closed","ping_status":"closed","template":"","meta":[],"_links":{"self":[{"href":"https:\/\/renta-med.de\/cms-2017\/wp-json\/wp\/v2\/pages\/2053"}],"collection":[{"href":"https:\/\/renta-med.de\/cms-2017\/wp-json\/wp\/v2\/pages"}],"about":[{"href":"https:\/\/renta-med.de\/cms-2017\/wp-json\/wp\/v2\/types\/page"}],"author":[{"embeddable":true,"href":"https:\/\/renta-med.de\/cms-2017\/wp-json\/wp\/v2\/users\/1"}],"replies":[{"embeddable":true,"href":"https:\/\/renta-med.de\/cms-2017\/wp-json\/wp\/v2\/comments?post=2053"}],"version-history":[{"count":10,"href":"https:\/\/renta-med.de\/cms-2017\/wp-json\/wp\/v2\/pages\/2053\/revisions"}],"predecessor-version":[{"id":2106,"href":"https:\/\/renta-med.de\/cms-2017\/wp-json\/wp\/v2\/pages\/2053\/revisions\/2106"}],"wp:attachment":[{"href":"https:\/\/renta-med.de\/cms-2017\/wp-json\/wp\/v2\/media?parent=2053"}],"curies":[{"name":"wp","href":"https:\/\/api.w.org\/{rel}","templated":true}]}}

Schwerin, Friedensstraße

</div></div></div><!-- close content main div --></div></div><div id='full_slider_1' class='avia-fullwidth-slider main_color avia-shadow   container_wrap sidebar_right'   ><div  data-size='featured_large'  data-lightbox_size='large'  data-animation='fade'  data-ids='2104,2103,2091'  data-video_counter='0'  data-autoplay='true'  data-bg_slider='false'  data-slide_height=''  data-handle='av_slideshow_full'  data-interval='6'  data-class=' '  data-css_id=''  data-scroll_down=''  data-control_layout='av-control-minimal'  data-custom_markup=''  data-perma_caption=''  data-autoplay_stopper=''  data-image_attachment=''  data-min_height='0px'  data-src=''  data-position='top left'  data-repeat='no-repeat'  data-attach='scroll'  data-stretch=''  data-default-height='42'  class='avia-slideshow avia-slideshow-1  av-control-minimal av-default-height-applied avia-slideshow-featured_large av_slideshow_full   avia-fade-slider '  itemscope="itemscope" itemtype="https://schema.org/ImageObject" ><ul class='avia-slideshow-inner' style='padding-bottom: 28.6764705882%;'><li  class=' slide-1 ' ><div data-rel='slideshow-1' class='avia-slide-wrap' title='Wohnimmobilie RENTA, Friedensstrasse, Hausansicht' ><img src='https://renta-med.de/cms-2017/wp-content/uploads/2023/07/Friedensstrasse_-Hausansicht_1500x430.jpg' width='1496' height='429' title='Friedensstrasse_ Hausansicht_1500x430' alt='Wohnimmobilie RENTA, Friedensstrasse, Hausansicht'  itemprop="thumbnailUrl"   /></div></li><li  class=' slide-2 ' ><div data-rel='slideshow-1' class='avia-slide-wrap' title='Wohnimmobilie RENTA, Friedensstrasse, Balkonaussicht' ><img src='https://renta-med.de/cms-2017/wp-content/uploads/2023/07/Friedensstrasse_-Balkonaussicht_1500x430.jpg' width='1496' height='429' title='Friedensstrasse_ Balkonaussicht_1500x430' alt='Wohnimmobilie RENTA, Friedensstrasse, Balkonaussicht'  itemprop="thumbnailUrl"   /></div></li><li  class=' slide-3 ' ><div data-rel='slideshow-1' class='avia-slide-wrap' title='Friedenstrasse, Wohnimmobilie' ><img src='https://renta-med.de/cms-2017/wp-content/uploads/2023/07/Friedensstrasse-Hausansicht-640x165-1.jpeg' width='639' height='165' title='Friedensstrasse Hausansicht 640x165' alt='Friedenstrasse, Wohnimmobilie'  itemprop="thumbnailUrl"   /></div></li></ul><div class='avia-slideshow-arrows avia-slideshow-controls'><a href='#prev' class='prev-slide' aria-hidden='true' data-av_icon='' data-av_iconfont='entypo-fontello'>Zurück</a><a href='#next' class='next-slide' aria-hidden='true' data-av_icon='' data-av_iconfont='entypo-fontello'>Weiter</a></div><div class='avia-slideshow-dots avia-slideshow-controls'><a href='#1' class='goto-slide active' >1</a><a href='#2' class='goto-slide ' >2</a><a href='#3' class='goto-slide ' >3</a></div></div></div>
</div></div></div><!-- close content main div --></div></div><div id='av-layout-grid-1' class='av-layout-grid-container entry-content-wrapper main_color av-fixed-cells    container_wrap sidebar_right'   >
<div class="flex_cell no_margin av_one_half   " style='vertical-align:top; padding:9px 0px 0px 0px ; background-color:#9f2134; '><div class='flex_cell_inner' ></div></div><div class="flex_cell no_margin av_one_half   " style='vertical-align:top; padding:9px 0px 0px 0px ; background-color:#9f2134; '><div class='flex_cell_inner' ></div></div>
</div>
</div></div></div><!-- close content main div --></div></div><div id='av_section_1' class='avia-section main_color avia-section-huge avia-no-border-styling avia-bg-style-scroll   container_wrap sidebar_right'   ><div class='container' ><div class='template-page content  av-content-small alpha units'><div class='post-entry post-entry-type-page post-entry-2053'><div class='entry-content-wrapper clearfix'>
<div class='flex_column_table av-equal-height-column-flextable -flextable' style='margin-top:-200px; margin-bottom:0px; '><div class="flex_column av_two_third  flex_column_table_cell av-equal-height-column av-align-top first  " style='padding:40px; background-color:#dddddd; border-radius:0; '><p><div style='padding-bottom:10px;color:#000000;font-size:25px;' class='av-special-heading av-special-heading-h2 custom-color-heading blockquote modern-quote  av-inherit-size '><h2 class='av-special-heading-tag '  itemprop="headline"  >Neubau eines Mehrfamilienhauses in der Friedensstraße, Schwerin</h2><div class='special-heading-border'><div class='special-heading-inner-border' style='border-color:#000000'></div></div></div><br />
<div style='height:20px' class='hr hr-invisible  '><span class='hr-inner ' ><span class='hr-inner-style'></span></span></div><br />
<section class="av_textblock_section "  itemscope="itemscope" itemtype="https://schema.org/CreativeWork" ><div class='avia_textblock  '   itemprop="text" ><div class="art-postheadericons art-metadata-icons" style="text-align: justify;"></div>
<div class="art-postcontent">
<div class="art-article">
<div class="art-postheadericons art-metadata-icons">Das moderne Gebäude liegt mit im lebendigen Stadtteil Paulstadt, westlich der Schweriner Altstadt.<br />
Das Wohnhaus wird allen Ansprüchen für modernes Wohnen für Jung und Alt gerecht. Die Wohnungen sind barrierefrei und durch einen Personenaufzug gut erreichbar.</div>
<div class="art-postcontent">
<div class="art-article">
<p>Das Gebäude verfügt über ausreichend Mieterkeller und einen Fahrradabstellraum. Darüber hinaus sind zahlreiche Fahrradabstellflächen in der Außenanlage vorgesehen. Alle Wohnungen sind sehr hell, verfügen über einen Balkon, ein innenliegendes Bad und eine Einbauküche.</p>
<p><strong>Ausstattung</strong><br />
Die Vermietung erfolgt nach Baufertigstellung ab April 2023. Die Fenster- und Fenstertüren sind aus Kunststoff weiß (innen) und anthrazit (außen) mit einer dreifach Wärmeschutzisolierverglasung. Die Flügel können geöffnet werden (Dreh-/Kipp). Die Wohnräume erhalten einen hochwertigen Vinyl Bodenbelag in Eiche. Die Wände wurden weiß gemalert und mit Raufaser tapeziert. Die Küchenbereiche werden mit hochwertigen Einbauküchen inkl. Elektrogeräten ausgestattet.</p>
<p><strong>Lage</strong><br />
Das Wohnhaus befindet sich in belebter Wohnlage in Schwerin Paulsstadt.<br />
Zu Fuß erreichen Sie mehrere Restaurants, Bäckereien, Ärzte, Cafés und Einkaufszentren. Mehrere Modegeschäfte, Fitnessstudios, Grün- und Parkanlagen, Bars und Buchhandlungen finden Sie ebenfalls vor Ort. Der Schweriner Hauptbahnhof und der Pfaffenteich sind lediglich 2 Autominuten entfernt und darüber hinaus fußläufig gut erreichbar.</p>
<p><strong>Eckdaten</strong></p>
<ul>
<li>2-Raumwohnungen 63 m² bis 69 m²</li>
<li>3-Raumwohnung 80 m² bis 91 m²</li>
<li>Keller: ja</li>
<li>Objektzustand: Erstbezug</li>
<li>Baujahr: 2022</li>
<li>Wesentlicher Energieträger: Gas</li>
</ul>
</div>
</div>
<p style="text-align: justify;">
</div>
</div>
</div></section></p></div></div><!--close column table wrapper. Autoclose: 1 --><div class='flex_column_table av-equal-height-column-flextable -flextable' style='margin-top:-200px; margin-bottom:0px; '><div class='av-flex-placeholder'></div><div class="flex_column av_one_third  flex_column_table_cell av-equal-height-column av-align-top   " style='padding:40px; background-color:#9f2134; border-radius:0px; '><p><div style='padding-bottom:10px;color:#ffffff;' class='av-special-heading av-special-heading-h4 custom-color-heading    '><h4 class='av-special-heading-tag '  itemprop="headline"  >LAGEPLAN</h4><div class='special-heading-border'><div class='special-heading-inner-border' style='border-color:#ffffff'></div></div></div><br />
<section class="avia_codeblock_section  avia_code_block_0"  itemscope="itemscope" itemtype="https://schema.org/CreativeWork" ><div class='avia_codeblock '  itemprop="text" > [avia_codeblock_placeholder uid="0"] </div></section><br />
<div style='padding-bottom:10px;color:#ffffff;' class='av-special-heading av-special-heading-h4 custom-color-heading    '><h4 class='av-special-heading-tag '  itemprop="headline"  >WOHUNGSBESICHTIGUNGEN STARTEN</h4><div class='special-heading-border'><div class='special-heading-inner-border' style='border-color:#ffffff'></div></div></div><br />
<section class="av_textblock_section "  itemscope="itemscope" itemtype="https://schema.org/CreativeWork" ><div class='avia_textblock  av_inherit_color '  style='color:#ffffff; '  itemprop="text" ><p>Seit Januar 2023 finden Besichtigungen der 2- und 3- Raum Wohnungen statt.</p>
<p>Bei Interesse <a href="https://www.immobilienscout24.de/neubau/rentamed-verwaltungsges-mbh/friedensstrasse-schwerin/113980.html" target="_blank" rel="noopener">finden Sie hier die Kontaktdaten (Link)</a></p>
</div></section><br />
<br />
<section class="av_textblock_section "  itemscope="itemscope" itemtype="https://schema.org/CreativeWork" ><div class='avia_textblock  av_inherit_color '  style='color:#ffffff; '  itemprop="text" ></div></section></p></div></div><!--close column table wrapper. Autoclose: 1 -->
</div></div></div><!-- close content main div --></div></div><div id='after_section_1' class='main_color av_default_container_wrap container_wrap sidebar_right'   ><div class='container' ><div class='template-page content  av-content-small alpha units'><div class='post-entry post-entry-type-page post-entry-2053'><div class='entry-content-wrapper clearfix'>
